rs of 29582479?
2441, 12119
What are the prime factors of 27114962?
2, 7, 1936783
What are the prime factors of 14317177?
7, 2045311
List the prime factors of 3188042.
2, 11, 13, 71, 157
List the prime factors of 588233.
103, 5711
What are the prime factors of 6881657?
6881657
List the prime factors of 19099910.
2, 5, 1909991
List the prime factors of 825440.
2, 5, 7, 11, 67
List the prime factors of 3589055.
5, 717811
List the prime factors of 4932850.
2, 5, 13, 7589
What are the prime factors of 974049?
3, 17, 71, 269
What are the prime factors of 16124918?
2, 8062459
What are the prime factors of 423668?
2, 7, 15131
List the prime factors of 11150748.
2, 3, 7, 44249
List the prime factors of 3907084.
2, 19, 101, 509
What are the prime factors of 1840388?
2, 11, 151, 277
What are the prime factors of 1023255?
3, 5, 22739
What are the prime factors of 20341254?
2, 3, 3390209
List the prime factors of 8122710.
2, 3, 5, 73, 3709
List the prime factors of 28921750.
2, 5, 11, 13, 809
What are the prime factors of 3855?
3, 5, 257
List the prime factors of 16186137.
3, 11, 571, 859
What are the prime factors of 248067?
3, 43, 641
List the prime factors of 4333183.
829, 5227
List the prime factors of 61898.
2, 30949
What are the prime factors of 365398?
2, 11, 17, 977
What are the prime factors of 714787?
714787
What are the prime factors of 214204?
2, 53551
List the prime factors of 1931160.
2, 3, 5, 7, 11, 19
List the prime factors of 2060444.
2, 515111
List the prime factors of 243019.
7, 149, 233
What are the prime factors of 20379?
3, 6793
What are the prime factors of 36593781?
3, 7, 541, 3221
What are the prime factors of 213840?
2, 3, 5, 11
List the prime factors of 6388733.
13, 23, 929
What are the prime factors of 7356411?
3, 817379
What are the prime factors of 2556833?
907, 2819
List the prime factors of 9607812.
2, 3, 800651
What are the prime factors of 178010?
2, 5, 7, 2543
List the prime factors of 58733.
58733
What are the prime factors of 542840?
2, 5, 41, 331
What are the prime factors of 33121069?
33121069
What are the prime factors of 12568874?
2, 6284437
List the prime factors of 2603105.
5, 520621
List the prime factors of 211013.
11, 19183
List the prime factors of 331823.
17, 131, 149
What are the prime factors of 1978926?
2, 3, 19, 17359
What are the prime factors of 12238382?
2, 13, 383, 1229
What are the prime factors of 2544775?
5, 137, 743
List the prime factors of 200727.
3, 22303
What are the prime factors of 28230167?
7, 4032881
What are the prime factors of 611298?
2, 3, 33961
What are the prime factors of 2832566?
2, 11, 199, 647
List the prime factors of 9319920.
2, 3, 5, 38833
List the prime factors of 153390.
2, 3, 5, 5113
What are the prime factors of 1852950?
2, 3, 5, 11, 1123
What are the prime factors of 157260?
2, 3, 5, 2621
What are the prime factors of 376732?
2, 19, 4957
What are the prime factors of 1070711?
17, 62983
What are the prime factors of 7853756?
2, 613, 3203
What are the prime factors of 7078226?
2, 73, 48481
List the prime factors of 413274.
2, 3, 68879
What are the prime factors of 1235819?
13, 95063
List the prime factors of 61126.
2, 13, 2351
What are the prime factors of 1149663?
3, 383221
List the prime factors of 247394.
2, 7, 41, 431
List the prime factors of 4068234.
2, 3, 226013
What are the prime factors of 2089831?
2089831
List the prime factors of 1159715.
5, 231943
List the prime factors of 1004221.
1004221
List the prime factors of 268476.
2, 3, 13, 1721
What are the prime factors of 307871?
307871
List the prime factors of 183687.
3, 7, 8747
List the prime factors of 11218659.
3, 37, 211, 479
List the prime factors of 17686680.
2, 3, 5, 11, 13399
List the prime factors of 2596435.
5, 519287
What are the prime factors of 178437?
3, 7, 29, 293
List the prime factors of 1616418.
2, 3, 89, 1009
List the prime factors of 742648.
2, 92831
List the prime factors of 274978.
2, 11, 29, 431
What are the prime factors of 280707?
3, 7, 13367
What are the prime factors of 16079?
7, 2297
What are the prime factors of 218394?
2, 3, 11, 1103
List the prime factors of 25289.
11, 19
What are the prime factors of 27076863?
3, 11, 61, 13451
List the prime factors of 29455.
5, 43, 137
What are the prime factors of 175734?
2, 3, 13, 751
List the prime factors of 54963.
3, 31, 197
What are the prime factors of 2707261?
23, 31, 3797
List the prime factors of 4325885.
5, 865177
List the prime factors of 444961.
11, 19, 2129
List the prime factors of 5926.
2, 2963
List the prime factors of 249230.
2, 5, 24923
List the prime factors of 226104.
2, 3, 9421
List the prime factors of 1297979.
1297979
List the prime factors of 726262.
2, 211, 1721
What are the prime factors of 20765181?
3, 6921727
What are the prime factors of 287954?
2, 143977
What are the prime factors of 401809?
401809
What are the prime factors of 6921791?
6921791
What are the prime factors of 14895167?
7, 303983
What are the prime factors of 601228?
2, 29, 71, 73
What are the prime factors of 355734?
2, 3, 19763
List the prime factors of 200766.
2, 3, 33461
What are the prime factors of 192914?
2, 96457
What are the prime factors of 3960150?
2, 3, 5, 17, 1553
List the prime factors of 1016224.
2, 11, 2887
What are the prime factors of 11319289?
23, 523, 941
What are the prime factors of 124358?
2, 13, 4783
List the prime factors of 1959556.
2, 17, 28817
What are the prime factors of 15020926?
2, 31, 242273
List the prime factors of 5245180.
2, 5, 17, 15427
What are the prime factors of 197590?
2, 5, 19759
What are the prime factors of 8023539?
3, 2674513
What are the prime factors of 3165781?
3165781
List the prime factors of 2766654.
2, 3, 11, 89, 157
List the prime factors of 229702.
2, 11, 53, 197
List the prime factors of 29892888.
2, 3, 15377
What are the prime factors of 1817112?
2, 3, 11, 6883
What are the prime factors of 3811379?
11, 13, 2423
What are the prime factors of 2680554?
2, 3, 446759
List the prime factors of 803793.
3, 29, 9239
What are the prime factors of 3399990?
2, 3, 5, 11, 10303
List the prime factors of 606432.
2, 3, 6317
What are the prime factors of 8497219?
8497219
What are the prime factors of 148211?
7, 31, 683
List the prime factors of 11109632.
2, 43397
List the prime factors of 158914.
2, 7, 11351
What are the prime factors of 2835545?
5, 701, 809
List the prime factors of 12559706.
2, 6279853
List the prime factors of 23362465.
5, 7, 167, 571
List the prime factors of 569348.
2, 13, 10949
List the prime factors of 272895.
3, 5, 7, 23, 113
List the prime factors of 28817420.
2, 5, 109, 13219
List the prime factors of 48959.
173, 283
List the prime factors of 486933.
3, 23, 7057
What are the prime factors of 10161672?
2, 3, 423403
List the prime factors of 14538571.
317, 45863
List the prime factors of 25077910.
2, 5, 11, 13, 19, 71
What are the prime factors of 289933?
7, 61, 97
What are the prime factors of 338275?
5, 7, 1933
What are the prime factors of 27353?
17, 1609
List the prime factors of 609608.
2, 181, 421
What are the prime factors of 251746?
2, 11, 11443
What are the prime factors of 1001874?
2, 3, 166979
What are the prime factors of 5498211?
3, 127, 14431
List the prime factors of 2345774.
2, 41, 28607
List the prime factors of 1565960.
2, 5, 11, 3559
What are the prime factors of 125274?
2, 3, 20879
List the prime factors of 971203.
257, 3779
What are the prime factors of 5483004?
2, 3, 521, 877
What are the prime factors of 3162508?
2, 29, 137, 199
What are the prime factors of 3178392?
2, 3, 7, 18919
List the prime factors of 63835.
5, 17, 751
What are the prime factors of 2622374?
2, 139, 9433
List the prime factors of 186317.
186317
What are the prime factors of 25664328?
2, 3, 356449
What are the prime factors of 31956921?
3, 1787, 1987
What are the prime factors of 5384382?
2, 3, 109, 8233
List the prime factors of 338300.
2, 5, 17, 199
What are the prime factors of 2205792?
2, 3, 23, 37
List the prime factors of 307525.
5, 12301
List the prime factors of 2217427.
29, 76463
What are the prime factors of 90530?
2, 5, 11, 823
What are the prime factors of 4753164?
2, 3, 13, 30469
What are the prime factors of 1509972?
2, 3, 29, 4339
List the prime factors of 1529845.
5, 23, 53,